te the greatest common divisor of p and 175.
25
Let d(y) = y**2 + 19*y + 6. Let z be d(-19). Suppose -z*b + 95 = 2*s - b, -2*s + 87 = -3*b. What is the highest common divisor of 9 and s?
9
Let q be (-422)/(-6) - (-4)/(-12). What is the highest common factor of q and 60?
10
Suppose -2*n = -7*n - 10, 4*c - 142 = 5*n. What is the greatest common factor of 1683 and c?
33
Suppose 2*m = -3*m + 3*p + 65, 15 = -m - 5*p. Suppose 3*v - m = v. Suppose s - 2*s - 4*i = -19, -v = -s + 3*i. What is the highest common factor of s and 77?
11
Let j(b) = -5*b - 16. Suppose 11*y - 6 + 94 = 0. Let k be j(y). Calculate the greatest common factor of 264 and k.
24
Let g = 203 + -91. Suppose 2*y - g = -5*y. What is the highest common factor of y and 8?
8
Suppose 4*u = -k + 4, u = -2*k + k - 5. Let c be 6/(-8) + (-46)/k. Suppose 290 = c*h - 130. Calculate the greatest common factor of 12 and h.
12
Let m = -25 - -29. Let t be 60 - (-3 + m + 3). What is the highest common factor of 7 and t?
7
Let p = 230 + -197. Calculate the highest common factor of 3 and p.
3
Let u be -4*(-1)/(-26) + (-1564)/(-26). What is the greatest common factor of u and 150?
30
Let f = -126 - -90. Let t = -9 - f. What is the greatest common divisor of 3 and t?
3
Let w = 27 - 31. Let z be w + (-1 - -8) + (-2 - -86). Calculate the highest common factor of 29 and z.
29
Let c be (-5 + (-155)/(-25))*(-20)/(-3). Suppose -2*s + 24 = -3*l + 5*l, 4*l - 16 = 4*s. Let x = -6 + l. Calculate the highest common factor of c and x.
2
Suppose -21 = -9*g + 15. Suppose 2*a = -3*f + 27, 0 = 2*f - a + g*a - 23. What is the greatest common divisor of f and 49?
7
Suppose 46*l - 47*l = -1408. Calculate the highest common factor of 32 and l.
32
Let s be 1 + (-18)/4*2. Let y be (2 + -30)*18/s. Calculate the highest common factor of 21 and y.
21
Suppose 16*f - 215 = 537. Calculate the greatest common divisor of 47 and f.
47
Let y be 3/(-5) - ((-21)/(-15) - 6). Let j be (-466 + y)*2/(-4). What is the greatest common divisor of j and 21?
21
Let d be -4*(-273 - -8) - (2 - 6). What is the highest common factor of d and 57?
19
Suppose 4*f - 1 = 15. Let k be (4/(-6))/(f/(-102)). Let l = -67 + 135. What is the greatest common divisor of l and k?
17
Let u(a) = a**2 + 2*a + 4. Let c be u(-4). Suppose 2*h - 78 = -60. What is the greatest common factor of h and c?
3
Suppose 4*v - 4*b - 156 = 3*v, 0 = 2*v - b - 277. Calculate the greatest common factor of 88 and v.
8
Let r(g) = -1012*g + 5. Let a be r(-1). Suppose -10*d + 3187 - a = 0. Calculate the highest common divisor of 31 and d.
31
Suppose 3332 = -13*b + 62*b. Calculate the greatest common divisor of b and 4.
4
Suppose 3*h + 161 = -82. Let m = h + 117. What is the highest common divisor of m and 9?
9
Let d = 21 - 26. Let p be d - (-4 - 0) - -10. Let t(v) = v**3 + v + 18. Let a be t(0). Calculate the greatest common factor of p and a.
9
Suppose 5*i - 3*i = -4. Let v be 6 + (-4 - (-3 - i)). Let o be 2 + -1 - 3 - -8. What is the greatest common factor of v and o?
3
Let d = -5 + 13. Suppose d*o = 9*o - 12. What is the greatest common factor of 36 and o?
12
Let h = -26 - -41. Let j be (-30)/4*(-4)/6. Suppose j*v + 4 = -2*y, -2*y + 4*v - 3*v + 8 = 0. What is the greatest common divisor of y and h?
3
Let c be (0 - -13) + 8*(-7)/14. What is the greatest common factor of c and 333?
9
Let z be 72/16*44/3 + 0. Suppose 9 = w + 2*w, -5*m + z = 2*w. Suppose 2*x - 48 = -2*x. Calculate the highest common factor of x and m.
12
Let k(q) = 235*q**2 + 3*q - 2. Let g be k(-2). Suppose 0*f - g = -4*f + 4*b, -5*b = -f + 229. What is the highest common factor of f and 26?
26
Let k = -188 - -260. What is the highest common divisor of 144 and k?
72
Let t be 4/6*63/6. Let x be (3 + 91/(-21))*6/(-4). Let z(q) = 40*q - 3. Let f be z(x). What is the highest common divisor of t and f?
7
Let y(p) = -25*p + 19. Let q be y(-5). Calculate the greatest common factor of 36 and q.
36
Let i = -15 - -18. Let c = 162 - 159. What is the highest common divisor of c and i?
3
Let o(w) = -w**3 + 20*w**2 - 49*w - 31. Let k be o(17). What is the greatest common divisor of k and 11?
1
Let u(v) = -10*v + 4. Let n be u(2). Let b be (-6)/(((-28)/n)/7). Let l be 16/b + 26/3. Calculate the greatest common factor of 20 and l.
4
Let u = 215 + 6. What is the greatest common factor of 39 and u?
13
Let d(u) = u - 7. Let v be d(10). Suppose 186 = v*z + 42. What is the greatest common factor of 12 and z?
12
Let y = -25 - -31. Suppose -20*g = -23*g + y. Suppose 3*m + 4*u - 72 = 0, -3*m + 5*u + 24 = -g*m. Calculate the greatest common factor of m and 12.
12
Let w(n) = -n**3 + 4*n**2 + 2. Let u be w(2). Let x = 19 - u. Let m(z) = 5*z**3 + 2*z + 1. Let t be m(2). What is the greatest common divisor of x and t?
9
Let c(n) = -n**3 + 3*n**2 + 31*n - 9. Let u be c(-7). Calculate the highest common divisor of 48 and u.
24
Let f(u) = 3*u - 2. Let o be f(3). Let d = 1014 - 965. Calculate the greatest common divisor of o and d.
7
Suppose -21 = 4*r + 8*r - 105. Let x(a) = a**3 - 7*a + 1. Let z be x(5). What is the greatest common divisor of z and r?
7
Suppose -38 = -5*f - 3*d + 344, 3*f = d + 218. Calculate the highest common divisor of f and 1998.
74
Suppose -5*f + 20 = -5*x, f + 2 = -x + 8. Suppose 4*w = 10 + 70. What is the highest common divisor of w and f?
5
Suppose -5*q - 3*f + 930 = 2*f, -4*f + 933 = 5*q. Let d = 17 - 30. Let l(y) = -y**2 - 14*y + 8. Let u be l(d). What is the greatest common divisor of u and q?
21
Let d(i) = 14*i**2 - 34*i - 109. Let m be d(-2). Let a be 2/4 - (-17)/2. What is the greatest common factor of a and m?
3
Let w = 791 - 260. What is the highest common factor of w and 59?
59
Suppose -a + 151 + 72 = 5*i, -4*a = -3*i + 120. What is the highest common factor of 88 and i?
44
Let o(x) = -x**3 + 13*x**2 - 23*x - 2. Let c be o(10). Calculate the greatest common divisor of 204 and c.
68
Suppose -295 = -5*g - 25. Suppose -6*a + g = -3*a. Let u be ((-2)/1)/(a/(-225)). What is the greatest common divisor of 25 and u?
25
Let z = -21 + 35. Let k(v) = v + 51. Let j be k(-26). Suppose -j*h = -28*h + 84. Calculate the greatest common factor of z and h.
14
Let h(w) = 131*w**3 + w**2 + w. Let a be h(3). Suppose -4*p = -5*d - 331 + a, 2*d - 4*p = 1292. Let o = d - 458. What is the highest common divisor of 23 and o?
23
Let h be (-30)/4*220/(-165). Calculate the highest common factor of 75 and h.
5
Suppose 0*q = 2*q - 22. Suppose q = 4*t - 9. Let r = -137 - -192. Calculate the highest common divisor of t and r.
5
Let v(g) = g**3 - 6*g**2 - 3*g + 1. Let u be v(7). Let y = 33 - u. What is the highest common factor of y and 4?
4
Let o = 22 - 36. Let s = -14 - o. Let m(v) = -v**2 + v + 16. Let l be m(s). What is the highest common factor of l and 4?
4
Suppose 0 = 2*p + 3*h - 3, 0 = -2*p + 2*h - 1 - 1. Suppose l + 13 - 41 = p. Calculate the greatest common divisor of l and 98.
14
Let p = 13 - 4. Suppose -2*f + 1 = p, -d = 2*f + 8. Suppose d = -4*k + 145 + 287. What is the greatest common divisor of k and 27?
27
Suppose -16*a + 3*a = -676. Suppose -4*b = 4*m - a, 4*m - 43 = 9*b - 12*b. Calculate the highest common divisor of 1 and b.
1
Suppose -3*l + 4001 = -z, 4065 = 3*l + 3*z + 72. What is the highest common divisor of 62 and l?
31
Let x = -5 + 19. Suppose 3*n - 54 - 30 = 0. Suppose -4*u + n = -0*u. Calculate the greatest common divisor of x and u.
7
Let j(o) = o**3 + 2*o**2 - 4*o + 2. Let h be j(3). Suppose -5*a = -h - 25. What is the greatest common factor of a and 48?
12
Suppose 2 = -4*t + 5*t. Suppose -3*p + 0*p = -t*i - 78, 0 = -4*i - 12. What is the highest common factor of p and 8?
8
Let h(s) = 2*s - 21. Let u be h(12). Suppose -7 - 8 = -u*n. Calculate the highest common divisor of 5 and n.
5
Suppose 15*b - 660 = 4*b. Calculate the highest common divisor of 270 and b.
30
Suppose 2*c + 4 = 0, 5*k + 1 = c + 13. Suppose x + 7 = -3*g, -6*x - 2*g = -k*x - 12. Calculate the highest common factor of 55 and x.
5
Suppose 60*g = 65*g - 10. Let w = -16 + 22. Suppose -280 = -w*o + g*o. What is the greatest common divisor of 14 and o?
14
Let h be (-6)/(3 - 0 - 4). Suppose -x + 106 = -5*s + 773, 4*x = -4*s + 524. Let y = -79 + s. What is the greatest common factor of y and h?
6
Let s(d) = -3*d - 8. Let r(t) = t - 1. Let m(k) = -4*r(k) - s(k). 